0
(-2 + -3 - (3 - 3)) + 5
0
What is the value of (-10 - -14) + 1 + -7?
-2
Evaluate -6 - (-2 - -2) - -4.
-2
What is 4 + ((6 - 3) + -1 - 8)?
-2
3 + 2 + 2 + -5 + -6
-4
Evaluate -1 - (0 + 4 - (-13 + 13)).
-5
Evaluate 6 - (6 - -3) - -4.
1
Evaluate (26 - 34) + (16 - 0) - 8.
0
-6 + (-4 + -1 - (33 - 44))
0
-4 + 1 - -3 - -3
3
1 + (-4 - 4) + 7 + -5
-5
What is the value of 3 - (-6 + -8 + 10)?
7
What is the value of (-1 - -8) + 14 + -18?
3
What is (8 - (-7 - -10)) + -12 + 1?
-6
Evaluate 3 + -5 + 4 - (2 + -7).
7
Evaluate -6 + (5 + -1 - 0).
-2
Evaluate -23 + 36 - (9 - -1).
3
5 - (0 + -3) - 4
4
What is the value of 2 + 12 + -27 - -3?
-10
1 + 5 + -13 + 3
-4
4 + (1 - 9) - -2
-2
Evaluate 3 - (3 + -4 + -1).
5
Evaluate 2 + (0 - 0) - -2.
4
-14 + 25 - (16 + 2)
-7
What is the value of 14 - 15 - (-1 - 9)?
9
What is 5 + (-10 - -7 - 1)?
1
What is the value of 4 - 3 - (-2 + (0 - 0))?
3
5 + (1 - (6 - 3))
3
Calculate 2 + 5 - (-4 - -11).
0
Calculate 5 + 2 + (3 - 7).
3
Calculate 1 + 4 - (-29 - -33).
1
Evaluate (2 - 4) + 5 - 4.
-1
Calculate -3 + 3 - (-3 + 1 - 0).
2
What is the value of -1 + 2 + 2 - (2 - 2)?
3
What is the value of 6 + (-12 - -5) - -3?
2
What is the value of 1 + 0 + -3 - -8?
6
What is the value of 15 + -19 - (-1 + -1)?
-2
Evaluate -3 + (2 - ((-1 - -4) + -3)).
-1
What is 7 + (-13 - (-8 + 0))?
2
Evaluate 2 + -1 + (10 - 11) - 0.
0
What is -7 + 0 + (-2 - -4)?
-5
Calculate -9 + 0 + (-10 - -14) + 2.
-3
What is 3 + -3 + -5 - 0?
-5
16 - (6 - 11 - -13)
8
-3 + 0 + 2 - (13 + -8)
-6
What is 2 - 1 - -4 - 8?
-3
Evaluate -5 + -3 + 8 - -5 - 1.
4
What is -3 + 5 + -3 + 4?
3
4 - ((4 - 3) + 4)
-1
Calculate 4 + (7 - 2) + -14.
-5
What is -2 + (8 - 1 - 6)?
-1
Calculate -1 - (-5 + (2 - -4) + 2).
-4
Calculate (-4 - -6 - 5) + 2 - -1.
0
Calculate -12 + (-4 - -6) + 7.
-3
What is the value of -2 - (-1 + -1 + -2 + 5)?
-3
Calculate -3 + -3 + -4 + 15 + -12.
-7
Calculate -12 + (10 - 6) - -5.
-3
Evaluate (-3 - 0) + 11 + 5 + -11.
2
2 + -2 + 0 + 2 + -5
-3
Calculate -6 + (0 - -3) + -2.
-5
What is (0 - 10) + 8 - -7?
5
What is (-1 - (-2 - 4)) + (-23 - -19)?
1
Calculate 4 - (-2 - (-8 + 5)).
3
Evaluate -1 + -5 + (0 - -4).
-2
Evaluate 4 + (0 - 6) + 0 + -3.
-5
Evaluate -5 - 1 - (-1 - 5) - -6.
6
What is 3 + -4 + (6 - (7 - 3))?
1
0 - 1 - (5 + -10 + 10)
-6
Evaluate (0 - -2) + -4 + 2 + -2.
-2
-4 + -2 + (18 - 18)
-6
(3 + -5 - -8) + -9
-3
-1 + 3 + -3 + -33 + 36
2
-14 + (4 - 1) + -11 + 15
-7
5 - (-5 + (1 - 0) + 4)
5
What is -5 - (0 - (8 - 11))?
-8
Calculate -6 - (4 - 0) - -16.
6
What is the value of 1 + (6 + -4 - 3) + 5?
5
Calculate -2 + (-6 - -15) + -7 + 2.
2
(1 - -4 - 2) + -11
-8
Calculate -11 - (0 - -3 - 23).
9
Evaluate -3 + 6 - (0 + -1).
4
Evaluate 1 + (-14 - 0) - (11 - 17).
-7
Evaluate 3 - -2 - (-8 - -15).
-2
8 - (9 + (11 - 10))
-2
What is the value of 5 + 5 - (1 + 4 + -6)?
11
What is the value of 3 + -2 + (10 - 4 - 4)?
3
1 - (9 + 1 + -5) - -1
-3
(2 - 5) + 3 - (-9 + 5)
4
Evaluate (-4 + 3 - (-3 + 7)) + 7.
2
What is 1 + (3 + -4 - -10) + -4?
6
Evaluate 5 + -3 + (-2 - 0) + 0.
0
Evaluate (-5 - (6 - 11)) + 4 + -2.
2
What is 0 + 6 + (32 - 31) + -16?
-9
What is the value of 1 + 0 - (-5 + 21 - 13)?
-2
What is 9 + 3 + (-28 - -11)?
-5
-2 - (3 + (-2 - 3) - -5)
-5
Evaluate (10 - (-5 + 12)) + 1 + -2.
2
Evaluate -2 - (-2 + 2 + 2).
-4
Evaluate -41 - -39 - (-6 - -2).
2
What is the value of 2 + 0 + -10 + 5?
-3
-9 + 18 + -11 + 12
10
Calculate 1 - -15 - 7 - 8.
1
12 - (20 - 8 - -1)
-1
What is 55 + -61 + 4 + 1 - 6?
-7
What is the value of (-2 - 4 - -3) + 2 + -6?
-7
Calculate -2 + (0 - -3) + 6 - 3.
4
Calculate 6 - (-3 - -6 - -5).
-2
What is the value of (5 - -1) + -36 + 30?
0
What is the value of (4 - (-1 - -3 - 5)) + -2?
5
What is the value of 5 + (8 - 22) + 3?
-6
What is the value of -3 - (-4 - (1 - 2)) - 0?
0
Evaluate 0 + 6 - (-5 + (-1 - -7)).
5
What is 3 - -1 - (-5 - (-4 + -9))?
-4
What is -13 - (-10 - 7 - -8)?
-4
What is 0 - (-2 + -3) - 2 - 1?
2
Calculate -15 - (4 + -11) - -12.
4
What is (-3 - -1) + 6 - (-43 - -50)?
-3
What is 5 - (2 - (0 + -5) - -4)?
-6
Calculate -12 + -5 + 10 - (-3 - 7).
3
Evaluate 7 + -11 + 6 + 2.
4
(3 - 0 - 0) + -4 + -3
-4
(9 - 1) + -6 + 3
5
What is the value of -1 + -3 + 0 + (-5 - -12)?
3
What is the value of 11 - 7 - (3 - (-1 - -3))?
3
-5 - -2 - -8 - 10
-5
Calculate 2 + -1 + 11 + -17.
-5
Evaluate -2 + 6 - (7 - (12 - 5)).
4
-7 - (1 - (3 + 5))
0
(0 - -4) + (-39 - -40)
5
What is 5 - ((2 - 6) + 6)?
3
What is -7 + 3 - 1 - -3?
-2
0 + -8 + 6 + -1
-3
What is the value of (4 - (13 + -4)) + (-1 - -2)?
-4
Calculate -8 + (-1 - -7) + 0.
-2
Evaluate -5 - 0 - ((-5 - -1) + 5).
-6
What is the value of 8 + (3 - 0) + (-6 - 0)?
5
0 - (-2 + -2 + 3)
1
Calculate (49 - 62) + (8 - -2).
-3
What is 4 + (-1 - -2) + -1?
4
What is the value of -13 - -17 - (1 + -1)?
4
What is 4 - (-2 + (1 - -1) + -3)?
7
30 + -23 - (-1 + 0 + 3)
5
1 - 2 - (5 + -2)
-4
What is (-19 - (-7 - 0)) + 5?
-7
What is -15 + (4 - -10) + -6?
-7
What is the value of 18 + (5 - (-8 + 26))?
5
Evaluate -83 - -76 - (2 - 10).
1
Evaluate -8 + (-1 - -6) + -2.
-5
-7 + (8 + 9 - 6)
4
1 - (1 + -2 - -6)
-4
What is the value of -3 + 2 - (-9 + -1 + 2)?
7
What is the value of -37 + 49 - (11 + 3)?
-2
Evaluate 0 + (7 - 1) + -2 + -5.
-1
(7 - (-6 + 14)) + -3 - -6
2
-5 - (-5 + (3 - -1))
-4
Calculate (4 - 4) + 1 + -1 + 1.
1
Evaluate (1 - 11) + 4 + 10.
4
Calculate -3 - -6 - (-3 + 3).
3
What is -4 + 1 + 24 + -19?
2
Evaluate -2 + (3 - -4 - (6 - -5)).
-6
Calculate (-1 - -4 - 0) + (-11 - -9).
1
What is 4 + (-2 - (2 - 4))?
4
Calculate -1 - (0 - -6) - (-45 + 41).
-3
0 - (0 - -2) - (9 + -6)
-5
What is 0 - ((-2 - -5) + -2 + 3)?
-4
What is the value of -29 + 20 + (3 - -8)?
2
-4 + 0 + (-2 - 3) + 9
0
-21 + -5 + 13 + 6
-7
What is the value of (10 - 4) + -8 + 3?
1
(6 - 0 - 1) + 1
6
What is -4 + (1 + 5 - 7)?
-5
Calculate -7 + -4 + 1 + 7.
-3
Evaluate (5 - (3 - -5)) + 0.
-3
What is the value of 4 + 0 + 5 - 5?
4
Evaluate 10 + -25 + 10 + 15.
10
Evaluate -12 + 1 + -5 + -8 + 18.
-6
Evaluate -1 + 0 + 0 + 1 + 3.
3
1 + (13 - 7) - (7 - 0)
0
(8 - (3 + 8)) + 1 + -5
-7
Calculate (-3 - (6 + -5 + -7)) + -13.
-10
What is (-3 - -3 - 2) + (3 - -1)?
2
What is 4 - ((1 - 0) + -1)?
4
What is the value of 6 + (12 - 6 - 17)?
-5
Evaluate 0 + -2 + -7 - (22 - 28).
-3
Calculate -4 - (-4 - 4) - 7.
-3
Calculate 17 + -17 + (-11 - -4).
-7
-6 - (-12 - -19 - 7)
-6
Evaluate 4 - 5 - (2 + -5 - 0).
2
Calculate -2 - (12 + -17) - 5.
-2
What is the value of -1 - -2 - (10 + -9)?
0
Calculate (0 - (-5 - -5)) + 2.
2
Calculate 3 + -14 - (6 - 18).
1
Calculate 26 + -8 + -10 - -1.
9
What is 5 + 3 + -8 + (-2 - 1)?
-3
What is (-35 - -46) + (-10 - -2)?
3
-5 + -3 + (13 - 10)
-5
(0 + -3 - 2) + (7 - 2)
0
0 - 5 - (10 - 12)
-3
What is the value of 2 - 3 - -4 - 2?
1
What is 3 - (2 + (3 - 5)) - 7?
-4
-4 + 3 - -4 - -1
4
Evaluate -3 - (-6 - (7 + -12)).
-2
What is the value of (1 - -5) + 22 + -34?
-6
What is the value of -1 + 11 - (-13 + 18)?
5
3 + 2 + -7 - -5
3
Evaluate -7 + (2 - (0 + -7 - -6)).
-4
What is the value of (-5 - -1) + (-32 - -28)?
-8
7 + (2 - 4) - 3
2
What is the value of -1 + -9 + 2 + (-2 - -8)?
-2
What is -1 - -2 - (28 + -28)?
1
What is -4 + (2 - (-4 + 4))?
-2
Evaluate -6 + -3 - (0 - 4).
-5
Calculate -4 - (4 + (2 - 7)).
-3
-1 + -4 + (-69 - -72)
-2
What is (8 - 2) + (2 + 0 - 4)?
4
Calculate (-5 - 1) + (24 - 19).
-1
-73 - -66 - (-3 + -1)
-3
What is the value of 0 + 4 + -9 + -1 + 2?
-4
What is (-1 + (0 - 2) - -5) + -2?
0
Calculate -2 - (-8 - (-6 + 2) - 2).
4
-9 + -1 + 28 + -22
-4
9 - 1 - (18 - 17)
7
What is (-2 - -9) + (1 - 4)?
4
What is (-3 - -4) + 2 - 0?
3
What is (-6 - (-5 + -1 + 1)) + 4?
3
What is (5 + 5 - 7) + 0?
3
What is 3 + 2 + (-5 - -4) + -2?
2
What is the value of -7 - (0 - (-10 - -12))?
-5
3 + (-4 - -2) + 1 - 6
-4
Evaluate 1 + -8 + 5 + -2 + -1.
-5
What is -5 + (3 - 2 - -3 - 4)?
-5
Calculate (0 - -1) + -2 - (-1 - 3).
3
(-2 + -6 - 3) + 6 + 5
0
Evaluate 5 - (-4 - (-12 - 1)).
-4
(0 - 0) + 7 + 7 + -19
-5
Evaluate -1 - -3 - (2 - (-2 + 2)).
0
Evaluate (6 - -2) + (0 - 6).
2
What is 1 - -5 - (-28 - (4 + -40))?
-2
Evaluate 1 - (1 - -1 - 4).
3
-5 + 13 - (1 + 5 + -2)
4
Calculate 2 + 4 + -2 - 8.
-4
Evaluate 3 + (-12 - -2 - -3) - -1.
-3
-1 + -3 + (-5 - -3) + 7
1
Evaluate (7 - 5) + -1 + -7.
-6
-5 + -2 - (17 - 19)
-5
Calculate 2 + 0 + -2 + 5 + -3.
2
Evaluate 3 - (-8 + (7 - 12 - -11)).
5
Calculate (7 - -1) + -12 + 6 + 0.
2
0 + (2 - -9 - 4 - 5)
2
E